{"id":10,"date":"2007-11-21T17:02:57","date_gmt":"2007-11-21T16:02:57","guid":{"rendered":"http:\/\/www.wolf-w.de\/?page_id=10"},"modified":"2023-11-07T12:40:34","modified_gmt":"2023-11-07T11:40:34","slug":"gitarre-pur","status":"publish","type":"page","link":"https:\/\/www.wolf-w.de\/?page_id=10","title":{"rendered":"Gitarre pur"},"content":{"rendered":"<p>Gitarre pur (<span style=\"color: #800000;\"><em>= kunstGriffe<\/em><\/span>): Instrumentale und improvisierte Gitarrenmusik.<br \/>\nGitarre pur ohne technische Spielerei und ohne Effekte.<\/p>\n<p align=\"center\"><strong><span style=\"color: #800080;\"><em><span style=\"color: #b22222;\">\u00a0\u00a0\u00a0\u00a0\u00a0\u00a0\u00a0\u00a0\u00a0\u00a0\u00a0\u00a0\u00a0\u00a0\u00a0\u00a0\u00a0\u00a0\u00a0\u00a0\u00a0\u00a0\u00a0\u00a0\u00a0\u00a0\u00a0\u00a0\u00a0\u00a0\u00a0\u00a0\u00a0\u00a0\u00a0\u00a0\u00a0\u00a0\u00a0\u00a0\u00a0\u00a0\u00a0\u00a0\u00a0\u00a0\u00a0\u00a0\u00a0\u00a0\u00a0\u00a0\u00a0\u00a0\u00a0\u00a0\u00a0\u00a0\u00a0\u00a0\u00a0\u00a0\u00a0\u00a0\u00a0\u00a0 <\/span><\/em><\/span><\/strong><br \/>\n<strong><span style=\"color: #800080;\"><em><span style=\"color: #b22222;\">\u00a0\u00a0\u00a0\u00a0\u00a0\u00a0\u00a0\u00a0\u00a0\u00a0\u00a0\u00a0\u00a0\u00a0\u00a0\u00a0\u00a0\u00a0\u00a0\u00a0\u00a0\u00a0\u00a0\u00a0\u00a0\u00a0\u00a0\u00a0\u00a0\u00a0\u00a0\u00a0\u00a0\u00a0\u00a0\u00a0\u00a0\u00a0\u00a0\u00a0\u00a0\u00a0\u00a0\u00a0\u00a0\u00a0\u00a0\u00a0\u00a0\u00a0\u00a0\u00a0\u00a0\u00a0\u00a0\u00a0\u00a0\u00a0\u00a0\u00a0\u00a0\u00a0\u00a0\u00a0\u00a0\u00a0\u00a0\u00a0\u00a0\u00a0\u00a0\u00a0\u00a0 \u00a0 \u00a0 \u00a0\u00a0\u00a0\u00a0 kunstGriffe sind eben Gitarre pur:<\/span><\/em><\/span><\/strong><br \/>\n&#8211; mal melodisch, mal rhythmisch<img loading=\"lazy\" decoding=\"async\" src=\"https:\/\/www.wolf-w.de\/wp-content\/uploads\/2007\/12\/gp.jpg\" alt=\"gp.jpg\" width=\"224\" height=\"224\" align=\"left\" hspace=\"20\" vspace=\"0\" \/><br \/>\n&#8211; mal etwas jazzig, mal eher beil\u00e4ufig<br \/>\n&#8211; mal arrangiert, mal improvisiert<\/p>\n<p align=\"center\"><span style=\"color: #b22222;\"><strong><em>Musik f\u00fcr:<\/em><\/strong><\/span><br \/>\n&#8211; Ihr Caf\u00e9<br \/>\n&#8211; Ihre Ausstellung (Vernissage\/Finissage)<br \/>\n&#8211; Ihren Messestand &#8211; Festlichkeiten<br \/>\n&#8211; alle Anl\u00e4sse mit Live Musik<\/p>\n<p align=\"center\"><span style=\"color: #b22222;\"><em><strong>Musik zum Zuh\u00f6ren und Genie\u00dfen<\/strong> <strong> &#8211; Musik zur Untermalung<\/strong><\/em><\/span><br \/>\n<span style=\"color: #000000;\">&#8211; nicht digital remastered<\/span><br \/>\n<span style=\"color: #000000;\">\u00a0\u00a0\u00a0\u00a0\u00a0\u00a0\u00a0\u00a0\u00a0\u00a0\u00a0\u00a0\u00a0\u00a0\u00a0\u00a0\u00a0\u00a0\u00a0\u00a0\u00a0\u00a0\u00a0\u00a0\u00a0\u00a0\u00a0\u00a0\u00a0\u00a0\u00a0\u00a0\u00a0\u00a0\u00a0\u00a0\u00a0\u00a0\u00a0\u00a0\u00a0\u00a0\u00a0\u00a0\u00a0\u00a0\u00a0\u00a0\u00a0\u00a0\u00a0\u00a0\u00a0\u00a0\u00a0\u00a0\u00a0\u00a0\u00a0\u00a0\u00a0\u00a0\u00a0\u00a0\u00a0\u00a0\u00a0\u00a0\u00a0\u00a0\u00a0\u00a0\u00a0\u00a0\u00a0\u00a0\u00a0\u00a0\u00a0\u00a0 &#8211; auch nicht anders nachbearbeitet <\/span><br \/>\n<span style=\"color: #000000;\">\u00a0\u00a0\u00a0\u00a0\u00a0\u00a0\u00a0\u00a0\u00a0\u00a0\u00a0\u00a0\u00a0\u00a0\u00a0\u00a0\u00a0\u00a0\u00a0\u00a0\u00a0\u00a0\u00a0\u00a0\u00a0\u00a0\u00a0\u00a0\u00a0\u00a0\u00a0\u00a0\u00a0\u00a0\u00a0\u00a0\u00a0\u00a0\u00a0\u00a0\u00a0\u00a0\u00a0\u00a0\u00a0\u00a0\u00a0\u00a0\u00a0\u00a0\u00a0\u00a0\u00a0\u00a0\u00a0\u00a0\u00a0\u00a0\u00a0\u00a0\u00a0\u00a0\u00a0\u00a0\u00a0 \u00a0 \u00a0 \u00a0 \u00a0 \u00a0 \u00a0 \u00a0 \u00a0 \u00a0 \u00a0 \u00a0 &#8211; einspurig statt gro\u00dfspurig<\/span><\/p>\n<h3>Gitarre pur (<em>kunstGriffe<\/em>) &#8211; CD:<\/h3>\n<p><span style=\"color: #800080;\">1<span style=\"color: #b22222;\">. <strong>Biking on the Netherrhein<\/strong> <\/span><\/span><span style=\"color: #b22222;\">7:37<br \/>\n2. <strong>Caf\u00e9 con Leche<\/strong> 7:35<br \/>\n3. <strong>Lekfos<\/strong> 15:17<br \/>\n4. <strong>Oma\u2019s Sofa<\/strong> 7:37<br \/>\n5. <strong>Sun &amp; Rain<\/strong> 3:24<br \/>\n6. <a href=\"https:\/\/www.wolf-w.de\/music\/sundowner.wma\" target=\"_blank\" rel=\"noopener\"><strong>Sundowner<\/strong><\/a> 3:47<br \/>\n7. <strong>Summertime<\/strong> 3:00<br \/>\n8. <strong>Django W.<\/strong> 5:42<br \/>\n9. <a href=\"https:\/\/www.wolf-w.de\/music\/summerday-blues.wma\" target=\"_blank\" rel=\"noopener\"><strong>Summer Day Blues<\/strong><\/a> 2:57<br \/>\n10. <strong>Stairway<\/strong> 4:09<br \/>\n11. <strong>Nie wieder\u2026<\/strong> 4:12<br \/>\n12. <strong>Fr\u00fchst\u00fccksblues<\/strong> 2:27 <\/span><\/p>\n<p>Soloprogramm. Es gibt eine CD &#8222;<span style=\"color: #b22222;\"><em>Gitarre pur<\/em><\/span>&#8220; (kunstGriffe) &#8211; instrumentale Gitarrenmusik.<\/p>\n","protected":false},"excerpt":{"rendered":"<p>Gitarre pur (= kunstGriffe): Instrumentale und improvisierte Gitarrenmusik. Gitarre pur ohne technische Spielerei und ohne Effekte. \u00a0\u00a0\u00a0\u00a0\u00a0\u00a0\u00a0\u00a0\u00a0\u00a0\u00a0\u00a0\u00a0\u00a0\u00a0\u00a0\u00a0\u00a0\u00a0\u00a0\u00a0\u00a0\u00a0\u00a0\u00a0\u00a0\u00a0\u00a0\u00a0\u00a0\u00a0\u00a0\u00a0\u00a0\u00a0\u00a0\u00a0\u00a0\u00a0\u00a0\u00a0\u00a0\u00a0\u00a0\u00a0\u00a0\u00a0\u00a0\u00a0\u00a0\u00a0\u00a0\u00a0\u00a0\u00a0\u00a0\u00a0\u00a0\u00a0\u00a0\u00a0\u00a0\u00a0\u00a0\u00a0\u00a0 \u00a0\u00a0\u00a0\u00a0\u00a0\u00a0\u00a0\u00a0\u00a0\u00a0\u00a0\u00a0\u00a0\u00a0\u00a0\u00a0\u00a0\u00a0\u00a0\u00a0\u00a0\u00a0\u00a0\u00a0\u00a0\u00a0\u00a0\u00a0\u00a0\u00a0\u00a0\u00a0\u00a0\u00a0\u00a0\u00a0\u00a0\u00a0\u00a0\u00a0\u00a0\u00a0\u00a0\u00a0\u00a0\u00a0\u00a0\u00a0\u00a0\u00a0\u00a0\u00a0\u00a0\u00a0\u00a0\u00a0\u00a0\u00a0\u00a0\u00a0\u00a0\u00a0\u00a0\u00a0\u00a0\u00a0\u00a0\u00a0\u00a0\u00a0\u00a0\u00a0\u00a0 \u00a0 \u00a0 \u00a0\u00a0\u00a0\u00a0 kunstGriffe sind eben Gitarre pur: &#8211; mal melodisch, mal rhythmisch &#8211; mal etwas jazzig, mal eher beil\u00e4ufig &#8211; mal arrangiert, mal improvisiert Musik f\u00fcr: &#8211; Ihr Caf\u00e9 &#8211; Ihre Ausstellung (Vernissage\/Finissage) &#8211; Ihren Messestand [&hellip;]<\/p>\n","protected":false},"author":1,"featured_media":0,"parent":0,"menu_order":4,"comment_status":"open","ping_status":"open","template":"","meta":{"site-sidebar-layout":"default","site-content-layout":"","ast-site-content-layout":"default","site-content-style":"default","site-sidebar-style":"default","ast-global-header-display":"","ast-banner-title-visibility":"","ast-main-header-display":"","ast-hfb-above-header-display":"","ast-hfb-below-header-display":"","ast-hfb-mobile-header-display":"","site-post-title":"","ast-breadcrumbs-content":"","ast-featured-img":"","footer-sml-layout":"","ast-disable-related-posts":"","theme-transparent-header-meta":"default","adv-header-id-meta":"","stick-header-meta":"","header-above-stick-meta":"","header-main-stick-meta":"","header-below-stick-meta":"","astra-migrate-meta-layouts":"set","ast-page-background-enabled":"default","ast-page-background-meta":{"desktop":{"background-color":"var(--ast-global-color-4)","background-image":"","background-repeat":"repeat","background-position":"center center","background-size":"auto","background-attachment":"scroll","background-type":"","background-media":"","overlay-type":"","overlay-color":"","overlay-opacity":"","overlay-gradient":""},"tablet":{"background-color":"","background-image":"","background-repeat":"repeat","background-position":"center center","background-size":"auto","background-attachment":"scroll","background-type":"","background-media":"","overlay-type":"","overlay-color":"","overlay-opacity":"","overlay-gradient":""},"mobile":{"background-color":"","background-image":"","background-repeat":"repeat","background-position":"center center","background-size":"auto","background-attachment":"scroll","background-type":"","background-media":"","overlay-type":"","overlay-color":"","overlay-opacity":"","overlay-gradient":""}},"ast-content-background-meta":{"desktop":{"background-color":"var(--ast-global-color-5)","background-image":"","background-repeat":"repeat","background-position":"center center","background-size":"auto","background-attachment":"scroll","background-type":"","background-media":"","overlay-type":"","overlay-color":"","overlay-opacity":"","overlay-gradient":""},"tablet":{"background-color":"var(--ast-global-color-5)","background-image":"","background-repeat":"repeat","background-position":"center center","background-size":"auto","background-attachment":"scroll","background-type":"","background-media":"","overlay-type":"","overlay-color":"","overlay-opacity":"","overlay-gradient":""},"mobile":{"background-color":"var(--ast-global-color-5)","background-image":"","background-repeat":"repeat","background-position":"center center","background-size":"auto","background-attachment":"scroll","background-type":"","background-media":"","overlay-type":"","overlay-color":"","overlay-opacity":"","overlay-gradient":""}},"footnotes":""},"class_list":["post-10","page","type-page","status-publish","hentry"],"_links":{"self":[{"href":"https:\/\/www.wolf-w.de\/index.php?rest_route=\/wp\/v2\/pages\/10","targetHints":{"allow":["GET"]}}],"collection":[{"href":"https:\/\/www.wolf-w.de\/index.php?rest_route=\/wp\/v2\/pages"}],"about":[{"href":"https:\/\/www.wolf-w.de\/index.php?rest_route=\/wp\/v2\/types\/page"}],"author":[{"embeddable":true,"href":"https:\/\/www.wolf-w.de\/index.php?rest_route=\/wp\/v2\/users\/1"}],"replies":[{"embeddable":true,"href":"https:\/\/www.wolf-w.de\/index.php?rest_route=%2Fwp%2Fv2%2Fcomments&post=10"}],"version-history":[{"count":19,"href":"https:\/\/www.wolf-w.de\/index.php?rest_route=\/wp\/v2\/pages\/10\/revisions"}],"predecessor-version":[{"id":4467,"href":"https:\/\/www.wolf-w.de\/index.php?rest_route=\/wp\/v2\/pages\/10\/revisions\/4467"}],"wp:attachment":[{"href":"https:\/\/www.wolf-w.de\/index.php?rest_route=%2Fwp%2Fv2%2Fmedia&parent=10"}],"curies":[{"name":"wp","href":"https:\/\/api.w.org\/{rel}","templated":true}]}}